+ (-4)/(y/(-25)))/1.
3, 293
Let g(w) be the second derivative of -w**5/20 + 5*w**4/6 - 3*w**2 - w. Suppose 2*j + 3*k - 7 = 0, -126*k + 130*k + 36 = 3*j. What are the prime factors of g(j)?
2, 61
Let t = 18 + -7. Let f = 10 + -5. Suppose -t*y + 4*d + 86 = -6*y, 23 = y + f*d. List the prime factors of y.
2, 3
Suppose 0 = x + z - 9, -4*x - z + 31 - 4 = 0. Suppose -x*o + 3003 = o. List the prime factors of o.
3, 11, 13
Let p(t) = -t**2 - t + 2. Let f be p(0). Suppose 1164 = 3*c + s, f*c + 28*s - 781 = 29*s. List the prime factors of c.
389
Let a = 111 + 215. Suppose -j + 38 = 39, -v - 3*j - 23 = 0. What are the prime factors of (v - -18)*(2 - a/4)?
3, 53
List the prime factors of (6299 - -1) + -7 - 36/4.
2, 1571
Let a(x) = x**2 - 27*x - 30. Let l be a(28). List the prime factors of (385/(-33) - -9)*147/l.
2, 7
Suppose 5*k - 8 = k, 5*k = 3*c + 7. Let r be (c + 2/(-4))*268. Suppose q - 3*q + r = 0. List the prime factors of q.
67
Let n = 6925 + -3570. List the prime factors of n.
5, 11, 61
Suppose 0 = b - 2 - 3. Suppose 0 = 2*o - b*o - 165. Let u = o + 62. What are the prime factors of u?
7
Suppose 6*u = 16*u - 38810 - 60750. List the prime factors of u.
2, 19, 131
Let q(v) = 159 - 159 + 4*v**2 + 0*v + 3*v - 24*v**3. Let j be q(-2). Let c = j + -62. What are the prime factors of c?
2, 5, 7
Let i(t) = t**3 - 16*t**2 + 12*t + 50. Let w be i(15). Suppose w*u + 5*k = 4015, -u = -0*u + 5*k - 787. List the prime factors of u.
3, 269
Suppose -8*k + 2*k = 36. Let g(u) be the first derivative of -13*u**2/2 - 50*u + 1. List the prime factors of g(k).
2, 7
Suppose 2*z - 9*z = -57491. Suppose 925 = -8*x + z. What are the prime factors of x?
911
Let v = -357 + 628. Suppose 0*r = -m - 2*r - v, 3*r = -5*m - 1390. Let o = -111 - m. List the prime factors of o.
2, 5, 17
Suppose -2*z + 4*w + 212 = 0, 0 = -3*z - 1459*w + 1460*w + 323. List the prime factors of z.
2, 3
Let p(z) = z**2 + 357*z + 21328. What are the prime factors of p(0)?
2, 31, 43
Let s be (12/(-9) - -1)/((-1)/9). Suppose 0 = 2*f + b - s*b - 20, -4 = b. Suppose -3*u + f*u = -5*h + 146, 3*h = 5*u - 232. What are the prime factors of u?
47
What are the prime factors of ((-32182)/(-4) - -1) + (-462)/(-308)?
2, 503
Let h(z) be the third derivative of z**6/120 - 3*z**5/20 - z**4/8 - 29*z**3/6 + 72*z**2. List the prime factors of h(12).
367
List the prime factors of 16/(-64)*((-17159747)/55 + 3/(-5)).
77999
Let b(t) = -t**3 - 28*t**2 - 8*t - 152. What are the prime factors of b(-31)?
3, 331
Let w be 3/15 + 27/15. Suppose -4*p + 1271 = 3*n, -265 = -w*p + n + 378. What are the prime factors of p?
2, 5
List the prime factors of (-1 + 3 + 0)*(-2332625)/(-250).
18661
Let k(x) = x**3 + 13*x**2 - x - 8. Let i be k(-13). Suppose -i*a = 3 - 63. Suppose -84 = 5*f - a*f. List the prime factors of f.
2, 3
Let y(k) = -70*k + 3. Let n be y(-1). Let a = -68 + n. Suppose a = 6*l - 49. List the prime factors of l.
3
Let a = 31 + -28. Let z be (a - (0 - -1)) + 5 + -4. Suppose -z*f = p - 338, -2*p = 2*f - 260 + 36. List the prime factors of f.
113
Let j(f) = -f**2 - 6*f - 5. Let p be j(-3). Suppose 5*z + 5*d + 183 = 3*d, p = 4*d. Let k = z + 101. List the prime factors of k.
2
Let z be 3 - (-1 - -5) - -6. Suppose -3*k + z*t = 5, 4*k - 3*t = 2*t. Suppose 0 = -k*q - r + 248, 3*q - 64 = -4*r + 78. What are the prime factors of q?
2, 5
Suppose -4*l = 2*k - 26, -3*k - 3*l - 16 + 43 = 0. Suppose -60 = 3*h - k*h. Suppose 0 = 4*p - h - 66. What are the prime factors of p?
2, 3
Suppose -7302355 = -431*x + 5795074 + 3670195. What are the prime factors of x?
2, 3, 1621
Let m = -47 - -38. Let d(j) = -43*j + 47. List the prime factors of d(m).
2, 7, 31
Suppose -10458 = -32*u + 30*u. What are the prime factors of u?
3, 7, 83
Let w(h) be the second derivative of -h**5/20 - h**4/6 + 5*h**2/2 - h. Suppose -3*r = 2*g + 9, 5*r - 2*g + 6 = -25. List the prime factors of w(r).
2, 5
Let m(z) be the second derivative of 11*z**2 + 0 + 1/4*z**4 - 9*z + 7/6*z**3. List the prime factors of m(-3).
2, 7
Let b be (-21)/(-3) - (-9)/(-3). Suppose 2*f = -2*n + 1 + 1, -b*n - 16 = 0. Suppose -c + 9 = -4*c, 4*t + f*c - 49 = 0. List the prime factors of t.
2
Let y = -7936 + 12079. Suppose -y + 14377 = 7*p. What are the prime factors of p?
2, 17, 43
Let x = -43 + 43. Suppose 3*b + 2*t - 50 = x, 0 = -2*b - 2*t + 4*t + 20. Suppose -2*j = -b*j + 168. What are the prime factors of j?
2, 7
Let r(t) = -798*t + 259. List the prime factors of r(-13).
7, 31
Suppose -g - 3259 = -4*o, -3*o + g + 4*g + 2440 = 0. What are the prime factors of o?
5, 163
Suppose -2*g = 7*g + 576. Let t = 66 + g. What are the prime factors of 556/(-2)*(-4 + t)/4?
139
Let h(o) = -o**2 - o. Let w(f) = -10*f**2 - 29*f + 7. Let a(y) = 6*h(y) - w(y). Let s be a(7). Let k = -208 + s. List the prime factors of k.
2, 71
Suppose 0 = -2*x + 2*r + 7270, 0 = -3*x + r + 676 + 10239. Suppose 5*k + 5*u - x = 0, -4*k + 2278 = -3*u - 655. List the prime factors of k.
17, 43
Suppose 0 = -5*b + 4*g + 127222, -170*g = b - 169*g - 25457. What are the prime factors of b?
2, 5, 509
Suppose 19*w - 3503 - 10614 = 0. Let p = w + -258. List the prime factors of p.
5, 97
Suppose 4*o - 4 = 0, 291*i - 296*i - 4*o = -217184. What are the prime factors of i?
2, 10859
Let o = 6511 + -6024. List the prime factors of o.
487
Let x = 1401 + 418. What are the prime factors of x?
17, 107
Let j(i) = -250*i**3 - 119*i**2 + i - 1. List the prime factors of j(-4).
3, 7, 11, 61
Let r = 230 + -232. What are the prime factors of 12/r - -3 - -669?
2, 3, 37
Suppose -2*a + 3*a + v = -534, 0 = -3*a + 4*v - 1602. Let u = a + 757. Let h = u + -117. List the prime factors of h.
2, 53
Suppose 0 = -3*l + i + 70686, 4*l + 42059 = -5*i + 136345. What are the prime factors of l?
2, 43, 137
Suppose -3 = 4*q + 2*p - 9, 0 = 3*q - p - 12. Suppose -5*j - 2479 = -3*w - 695, q*j - 1800 = -3*w. List the prime factors of w.
2, 13, 23
Suppose 68*o = 102*o - 61*o + 701406. What are the prime factors of o?
2, 31, 419
Let b(k) = k**3 - 5*k**2 - 4. Suppose -3*w + 7*z - 3*z - 1 = 0, -3*w + 35 = 5*z. Let f be b(w). List the prime factors of (-1)/((f + 1)/321).
107
Suppose 3*o - 69 - 34 = -5*a, -2*o + 5*a + 52 = 0. Suppose -4*g - 2*x + o = -183, -2*g + 3*x = -103. List the prime factors of g.
53
Let u be 3 - (0 - (2 - 1)). Suppose u*m = 3*t + 22, 0 = 4*m + m + 2*t - 16. Suppose 4*x + q - 222 = 10, 0 = 2*x - m*q - 98. List the prime factors of x.
3, 19
Let c(i) = -155*i - 5590. What are the prime factors of c(-136)?
2, 5, 1549
Let d = 663 - 413. Let n = d - -164. What are the prime factors of n?
2, 3, 23
Let k be 7/(56/40) + -3. Suppose 393 = k*g - f, -4*f - 5 - 7 = 0. List the prime factors of g.
3, 5, 13
Suppose -469*o + 462*o + 37145 = -25456. List the prime factors of o.
3, 11, 271
Suppose -5*d + 4*d = -5. Suppose a = -2*n + 5*n - 26, -5*n = -d*a - 60. Let v = 92 - n. List the prime factors of v.
5, 17
Let s be -3*(3 + -5)/(1 - -2). Let f be s + 3 + -2 + 3. Let u(n) = n**2 - 2*n + 26. What are the prime factors of u(f)?
2, 5
Suppose -486*r = -482*r - 35829 - 112203. List the prime factors of r.
2, 3, 257
Let i = -1612 + 3151. What are the prime factors of i?
3, 19
Suppose 4*w - 168 = -p - 3*p, w + 5*p - 62 = 0. Let u = 31 - w. List the prime factors of (-2 - 2/(-4))/(u/160).
2, 5
Let z(u) = 43*u - 4. Let x(t) = -128*t + 13. Let d(l) = -3*x(l) - 8*z(l). Let i be d(-3). Let h = -67 - i. What are the prime factors of h?
2, 3, 5
Let k(x) = -142*x + 6. Let m be k(-1). Suppose -3*s - s = -o + m, -2*s - 634 = -4*o. List the prime factors of o.
2, 5
Let h(d) = 342*d**2 - 265*d + 2618. List the prime factors of h(11).
3, 5, 11, 83
Let x = 452 + 1452. Suppose -4*l + x = 24. Suppose -8*b = -3*b - l. List the prime factors of b.
2, 47
Suppose 3*s = -2*i + 715, 2*i + 4*s - 716 = -0*i. Suppose v - j - i + 66 = 0, 0 = -3*v + 2*j + 868. What are the prime factors of v?
2, 3
Let m(y) = -2*y**3 - 5*y**2 - 45*y - 772. List the prime factors of m(-16).
2, 5, 7
Let v(s) = -s**2 + 28*s + 89. Let x be v(21). Suppose 0 = -3*d - x + 281. List the prime factors of d.
3, 5
Let r(f) = f**3 - 6*f**2 + 7*f + 4. Let i be r(4). Suppose i = 28*g - 26*g - 676. List the prime factors of g/4 + 8/(-16).
2, 3, 7
Let j(g) = 4*g**2 + 25*g + 48. Let q be j(-23). Let i = -899 + q. What are the prime fact